*m**2 - 53*m + 267. Calculate r(5).
-623
Let u(p) = -p**3 + 9*p**2 - 18*p + 3. Determine u(6).
3
Let d(i) = 136*i - 2545. Determine d(17).
-233
Let k(h) = -h - 212. Calculate k(9).
-221
Let i(j) = 9*j + 208. Give i(-8).
136
Let i(p) = -p**2 + 30*p - 161. Give i(27).
-80
Let j(v) = v**2 + 3310*v - 3. Give j(0).
-3
Let f(r) = -10*r**2 - 7*r - 5. Calculate f(-3).
-74
Let d(h) = -4*h**3 - 7*h**2 + 9*h + 16. Determine d(-2).
2
Let x(s) = 68*s**2 - 20*s - 548. Give x(3).
4
Let c(g) = g**3 + 3*g**2 + 166*g + 702. Give c(-4).
22
Let n(t) = 4*t + 125. Determine n(-58).
-107
Let j(u) = -9*u**3 - 25*u**2 - 3*u - 4. What is j(-3)?
23
Let a(o) = o**3 + 35*o**2 + 28*o - 82. What is a(-34)?
122
Let u(g) = -g**3 + 14*g**2 - 20*g - 107. Give u(11).
36
Let i(s) = -5*s**2 - 305*s - 2936. Give i(-49).
4
Let y(b) = -19*b**2 + 110*b + 162. Calculate y(7).
1
Let m(y) = 127*y - 42298. Determine m(333).
-7
Let n(l) = l**3 - l**2 - 16*l - 14. What is n(-6)?
-170
Let t(n) = 5*n**3 - 6*n + 3. What is t(2)?
31
Let d(n) = -5*n + 111. Determine d(18).
21
Let q(l) = 33*l**2 + 455*l - 111. Calculate q(-14).
-13
Let x(m) = -106*m**2 + 789*m + 488. Calculate x(8).
16
Let g(n) = -22*n**3 - 104*n**2 + 9*n + 4. What is g(-5)?
109
Let l(f) = -101*f + 3428. Give l(33).
95
Let g(y) = 6*y**2 - 157*y + 288. What is g(25)?
113
Let s(j) = 3*j**2 + 512*j - 232. Calculate s(-171).
-61
Let c(x) = 740*x - 9645. Determine c(13).
-25
Let w(a) = -a**2 - 30*a + 4360. Give w(53).
-39
Let d(m) = -20*m**2 + 34*m + 6. Determine d(2).
-6
Let j(d) = -5*d**2 - 26*d. Give j(-7).
-63
Let v(b) = -261*b + 1758. What is v(7)?
-69
Let i(p) = p**3 + 73*p**2 - 123*p + 2019. Calculate i(-75).
-6
Let u(o) = -o**3 + 117*o**2 - 126*o + 1166. Determine u(116).
6
Let c(g) = -340*g**2 - 2721*g - 13. Calculate c(-8).
-5
Let l(y) = 3*y**3 + 4*y**2 - 20*y + 10. Give l(-4).
-38
Let m(s) = -13*s - 15. What is m(-2)?
11
Let w(n) = -14*n**2 + 32*n + 4. Give w(5).
-186
Let w(b) = -7*b - 6. What is w(0)?
-6
Let d(r) = 51*r + 1894. Determine d(-37).
7
Let o(i) = -4*i**3 + 21*i**2 - 14*i - 22. Calculate o(4).
2
Let p(f) = f**2 - 35*f + 171. What is p(27)?
-45
Let d(n) = -n**2 - 36*n - 246. What is d(-33)?
-147
Let z(u) = -10*u - 164. What is z(-18)?
16
Let l(z) = -722*z - 2220. Calculate l(-3).
-54
Let z(r) = 366*r - 1458. Give z(4).
6
Let b(d) = d**3 + 53*d**2 + 174*d - 1065. Calculate b(-49).
13
Let i(s) = -s**2 - 128*s - 20. Give i(0).
-20
Let y(k) = 35*k - 220. What is y(7)?
25
Let n(g) = 9*g**2 - 32*g + 22. Calculate n(3).
7
Let m(v) = -v**3 + 5*v**2 - 48*v + 221. Calculate m(5).
-19
Let a(n) = -5*n**2 - 184*n + 2996. Calculate a(-49).
7
Let z(k) = 5*k**2 + 46*k + 254. Determine z(-7).
177
Let q(d) = -17*d - 1292. Give q(-74).
-34
Let s(a) = a**2 - 341*a - 14397. What is s(-38)?
5
Let f(h) = -61*h**2 - 250*h + 4. Calculate f(-3).
205
Let q(a) = -7*a**2 + 88*a - 119. Give q(11).
2
Let o(p) = -216*p - 6487. What is o(-30)?
-7
Let m(o) = -35*o + 6333. What is m(181)?
-2
Let n(x) = x**2 + 6*x + 7. Give n(11).
194
Let g(r) = r**3 - 7*r**2 - 982*r - 54. Calculate g(-28).
2
Let h(x) = -x**2 + 12*x + 7. Give h(-6).
-101
Let n(j) = -j**2 - 14*j - 37. Give n(-7).
12
Let g(c) = -c**3 - 8*c**2 - 79*c - 329. Give g(-5).
-9
Let p(g) = -2*g**2 - 2335*g - 27732. Give p(-12).
0
Let g(w) = w**3 - 14*w + 26. Determine g(3).
11
Let i(o) = 659*o + 2586. Calculate i(-4).
-50
Let t(z) = -z**2 - 10*z + 54. What is t(-12)?
30
Let y(l) = -5*l**2 + 285*l + 58. Calculate y(57).
58
Let w(d) = 19*d + 360. Determine w(-19).
-1
Let r(j) = -1753*j - 3361. Calculate r(-2).
145
Let h(d) = d**3 + 28*d**2 + 11*d + 65. Give h(-27).
497
Let i(s) = -10*s - 111. Determine i(-5).
-61
Let w(c) = 2*c**2 - 111*c + 1504. What is w(23)?
9
Let h(b) = -b**3 + 38*b**2 + 50*b - 400. Give h(39).
29
Let l(n) = n**3 + 18*n**2 + 122*n + 777. Determine l(-13).
36
Let j(o) = 5*o**2 + 7*o - 52. Give j(4).
56
Let y(g) = -g**2 + 159*g - 4353. What is y(35)?
-13
Let r(q) = -q**3 - 5*q**2 + 46*q + 251. What is r(-5)?
21
Let n(s) = s**3 - 106*s**2 + 411*s + 2. What is n(4)?
14
Let s(g) = -24*g - 2017. What is s(-89)?
119
Let u(b) = -413*b - 5353. What is u(-13)?
16
Let m(t) = 7*t**2 + 12*t - 6. Calculate m(-5).
109
Let y(p) = 12*p**3 + 7*p**2 + 7*p - 1. What is y(-1)?
-13
Let m(s) = -s**2 - 16*s + 7854. Give m(-97).
-3
Let d(m) = -m**3 + m**2 + 22*m - 33. Determine d(-6).
87
Let p(o) = o**3 + 31*o**2 - 64*o - 2059. Calculate p(-31).
-75
Let v(c) = 11*c**3 + 405*c**2 - 67*c + 192. Give v(-37).
-67
Let p(l) = l**3 + l**2 + 108*l + 330. Calculate p(-3).
-12
Let y(s) = -s**3 - 7*s**2 - 15*s + 19. What is y(-4)?
31
Let x(o) = 53*o + 712. Give x(-13).
23
Let p(z) = 2*z - 75. Calculate p(25).
-25
Let d(s) = 2*s**2 - 3*s - 17. Determine d(0).
-17
Let w(t) = -6*t**2 + 13*t + 705. Determine w(12).
-3
Let w(z) = -24*z**2 - 985*z - 46. Give w(-41).
-5
Let x(d) = 12*d**2 - 115*d + 14. Determine x(6).
-244
Let r(i) = 2574*i - 20598. Calculate r(8).
-6
Let u(q) = -226*q + 2274. Determine u(10).
14
Let g(x) = -117*x - 465. What is g(-4)?
3
Let u(k) = -k**2 - 30*k + 307. Determine u(9).
-44
Let y(m) = 3*m**2 + 186*m + 254. Give y(-64).
638
Let v(q) = -2*q**2 + 42*q - 225. Give v(11).
-5
Let p(f) = -3*f**3 + 64*f**2 - 24*f + 15. What is p(21)?
-48
Let d(o) = 6*o**2 + 129*o - 117. What is d(-22)?
-51
Let h(a) = a**3 + 8*a**2 + 29*a + 53. Give h(-5).
-17
Let w(v) = v**3 - 47*v**2 + 360*v + 363. What is w(37)?
-7
Let d(o) = -2*o**2 - 215*o - 1600. What is d(-8)?
-8
Let s(i) = 1464*i - 8787. What is s(6)?
-3
Let b(n) = n**3 + 17*n**2 - 14*n + 80. What is b(-18)?
8
Let d(p) = -8*p - 75. Determine d(-14).
37
Let d(i) = -786*i - 6046. Give d(-8).
242
Let w(j) = -1872*j + 1973. Calculate w(1).
101
Let m(v) = 14*v**3 + 100*v**2 + 36*v + 112. Determine m(-7).
-42
Let w(x) = x**3 + 114*x**2 - 227*x + 581. Determine w(-116).
1
Let s(o) = -3*o**3 + 123*o**2 + o - 97. Give s(41).
-56
Let i(o) = -o**2 + 72*o - 981. Give i(54).
-9
Let y(t) = -t**3 - 8*t**2 + 14*t + 69. What is y(-4)?
-51
Let i(m) = m**2 - 146. Determine i(13).
23
Let r(b) = b**3 + 23*b - 158. Give r(5).
82
Let a(y) = -7096*y - 7083. What is a(-1)?
13
Let v(c) = -18*c - 196. Determine v(-10).
-16
Let f(h) = 82*h - 454. Give f(5).
-44
Let i(t) = 7*t**3 + 341*t**2 - 100*t - 93. Give i(-49).
5
Let n(v) = 13*v**2 - 497*v + 744. Give n(37).
152
Let y(v) = 8*v**3 + 170*v**2 + 38*v - 82. Calculate y(-21).
2
Let g(s) = 123*s + 705. What is g(-6)?
-33
Let q(u) = 121*u - 4183. Calculate q(35).
52
Let q(g) = 32*g**3 - 6*g - 6. Give q(-1).
-32
Let p(i) = -4497*i + 9047. Calculate p(2).
53
Let a(k) = -k**3 - 6*k**2 + 173*k + 728. Give a(-4).
4
Let z(l) = l**3 - 73*l**2 + 323*l - 18072. Determine z(72).
0
Let x(n) = 29*n**2 + 77*n + 5. Determine x(-3).
35
Let i(x) = -936*x + 3747. What is i(4)?
3
Let i(z) = -z**3 + 50*z**2 - 141*z + 4. What is i(47)?
4
Let r(x) = 3*x**2 - 130*x + 142. Determine r(42).
-26
Let c(i) = -2*i**3 + 34*i**2 - 106*i - 12. Calculate c(3).
-78
Let d(i) = -i**3 - 177*i**2 + 167*i - 2009. What is d(-178)?
-51
Let s(i) = i**2 + 15*i - 174. Determine s(7).
-20
Let h(q) = 2*q**3 - 16*q**2 - 131*q + 3. Give h(-5).
8
Let f(q) = -3*q**2 + 104*q + 468. Determine f(-4).
4
Let v(u) = 2*u**3 + 34*u**2 + 9*u - 3. Give v(-17).
-156
Let z(x) = 19*x**2 - 170*x - 4. Calculate z(9).
5
Let x(n) = -9*n + 23. Determine x(13).
-94
Let f(q) = q**3 + 4*q**2 - 44*q - 80. What is f(-8)?
16
Let g(r) = 31*r + 64. Calculate g(-5).
-91
Let j(d) = d**3 - 35*d**2 + 8*d - 315. Calculate j(35).
-35
Let v(s) = 532*s + 2652. Determine v(-5).
-8
Let r(t) = t**3 - 14*t**2 - t + 10. What is r(14)?
-4
Let h(a) = -60*a**2 - 602*a - 28. Calculate h(-10).
-8
Let q(s) = s**3 - 60*s**2 + 224*s - 2937. Give q(57).
84
Let f(r) = r**3 + 3*r**2 + 4*r - 11. Give f(-4).
-43
Let d(z) = -12*z**2 - 106*z - 1. Give d(-9).
-19
Let q(b) = 5*b**3 - 4*b**2 - 2*b + 6. What is q(1)?
5
Let j(d) = 18*d**2 - 1560*d - 526. What is j(87)?
-4
Let q(o) = -o**3 + 85*o**2 + 146*o + 2450. Determine q(87).
14
Let t(i) = -814*i - 818. Determine t(-1).
-4
Let y(g) = -13*g + 179. Give y(0).
179
Let y(x) = -7*x**3 + x**2 - 4*x + 14. What is y(0)?
14
Let f(c) = 360*c - 102959. What is f(286)?
1
Let g(p) = -10*p - 1211. What is g(-130)?
89
Let u(j) = -29*j**2 - 116*j + 29. Calculate u(-6).
-319
Let l(f) = -4*f**2 